{"id":487,"date":"2023-11-27T10:32:55","date_gmt":"2023-11-27T10:32:55","guid":{"rendered":"https:\/\/mediterrasian.es\/carta\/delicieux-taten-creme-caramelisee-a-la-vanille\/"},"modified":"2023-11-27T10:32:55","modified_gmt":"2023-11-27T10:32:55","slug":"delicieux-taten-creme-caramelisee-a-la-vanille","status":"publish","type":"carta","link":"https:\/\/mediterrasian.es\/fr\/carta\/delicieux-taten-creme-caramelisee-a-la-vanille\/","title":{"rendered":"D\u00e9licieux Tat\u00e9n, cr\u00e8me caram\u00e9lis\u00e9e \u00e0 la vanille"},"content":{"rendered":"","protected":false},"template":"","categoria-carta":[55],"class_list":["post-487","carta","type-carta","status-publish","hentry","categoria-carta-les-desserts"],"_links":{"self":[{"href":"https:\/\/mediterrasian.es\/fr\/wp-json\/wp\/v2\/carta\/487","targetHints":{"allow":["GET"]}}],"collection":[{"href":"https:\/\/mediterrasian.es\/fr\/wp-json\/wp\/v2\/carta"}],"about":[{"href":"https:\/\/mediterrasian.es\/fr\/wp-json\/wp\/v2\/types\/carta"}],"wp:attachment":[{"href":"https:\/\/mediterrasian.es\/fr\/wp-json\/wp\/v2\/media?parent=487"}],"wp:term":[{"taxonomy":"categoria-carta","embeddable":true,"href":"https:\/\/mediterrasian.es\/fr\/wp-json\/wp\/v2\/categoria-carta?post=487"}],"curies":[{"name":"wp","href":"https:\/\/api.w.org\/{rel}","templated":true}]}}

Délicieux Tatén, crème caramélisée à la vanille
