{"id":589,"date":"2023-11-27T09:17:36","date_gmt":"2023-11-27T09:17:36","guid":{"rendered":"https:\/\/mediterrasian.es\/carta\/guacamole-marin-avec-des-de-saumon-sauvage-et-tartare-de-legumes-marines\/"},"modified":"2023-11-27T09:17:36","modified_gmt":"2023-11-27T09:17:36","slug":"guacamole-marin-avec-des-de-saumon-sauvage-et-tartare-de-legumes-marines","status":"publish","type":"carta","link":"https:\/\/mediterrasian.es\/fr\/carta\/guacamole-marin-avec-des-de-saumon-sauvage-et-tartare-de-legumes-marines\/","title":{"rendered":"Guacamole marin avec d\u00e9s de saumon sauvage et tartare de l\u00e9gumes marin\u00e9s"},"content":{"rendered":"","protected":false},"template":"","categoria-carta":[82],"class_list":["post-589","carta","type-carta","status-publish","hentry","categoria-carta-ouvrir-la-bouche-lo-frio"],"_links":{"self":[{"href":"https:\/\/mediterrasian.es\/fr\/wp-json\/wp\/v2\/carta\/589","targetHints":{"allow":["GET"]}}],"collection":[{"href":"https:\/\/mediterrasian.es\/fr\/wp-json\/wp\/v2\/carta"}],"about":[{"href":"https:\/\/mediterrasian.es\/fr\/wp-json\/wp\/v2\/types\/carta"}],"wp:attachment":[{"href":"https:\/\/mediterrasian.es\/fr\/wp-json\/wp\/v2\/media?parent=589"}],"wp:term":[{"taxonomy":"categoria-carta","embeddable":true,"href":"https:\/\/mediterrasian.es\/fr\/wp-json\/wp\/v2\/categoria-carta?post=589"}],"curies":[{"name":"wp","href":"https:\/\/api.w.org\/{rel}","templated":true}]}}

Guacamole marin avec dés de saumon sauvage et tartare de légumes marinés
