{"id":624,"date":"2023-11-27T09:14:00","date_gmt":"2023-11-27T09:14:00","guid":{"rendered":"https:\/\/mediterrasian.es\/carta\/carpaccio-de-boeuf-affine-avec-fumee-et-copeaux-de-fromage-conte\/"},"modified":"2023-11-27T09:14:00","modified_gmt":"2023-11-27T09:14:00","slug":"carpaccio-de-boeuf-affine-avec-fumee-et-copeaux-de-fromage-conte","status":"publish","type":"carta","link":"https:\/\/mediterrasian.es\/fr\/carta\/carpaccio-de-boeuf-affine-avec-fumee-et-copeaux-de-fromage-conte\/","title":{"rendered":"Carpaccio de b\u0153uf affin\u00e9 avec fum\u00e9e et copeaux de fromage conte."},"content":{"rendered":"","protected":false},"template":"","categoria-carta":[82],"class_list":["post-624","carta","type-carta","status-publish","hentry","categoria-carta-ouvrir-la-bouche-lo-frio"],"_links":{"self":[{"href":"https:\/\/mediterrasian.es\/fr\/wp-json\/wp\/v2\/carta\/624","targetHints":{"allow":["GET"]}}],"collection":[{"href":"https:\/\/mediterrasian.es\/fr\/wp-json\/wp\/v2\/carta"}],"about":[{"href":"https:\/\/mediterrasian.es\/fr\/wp-json\/wp\/v2\/types\/carta"}],"wp:attachment":[{"href":"https:\/\/mediterrasian.es\/fr\/wp-json\/wp\/v2\/media?parent=624"}],"wp:term":[{"taxonomy":"categoria-carta","embeddable":true,"href":"https:\/\/mediterrasian.es\/fr\/wp-json\/wp\/v2\/categoria-carta?post=624"}],"curies":[{"name":"wp","href":"https:\/\/api.w.org\/{rel}","templated":true}]}}

Carpaccio de bœuf affiné avec fumée et copeaux de fromage conte.
